{"id":2793,"date":"2023-01-24T13:57:13","date_gmt":"2023-01-24T11:57:13","guid":{"rendered":"https:\/\/preview.infoworks.biz\/klk\/?page_id=2793"},"modified":"2023-01-30T14:43:27","modified_gmt":"2023-01-30T12:43:27","slug":"finansiele-resultate","status":"publish","type":"page","link":"https:\/\/preview.infoworks.biz\/klk\/finansiele-resultate\/","title":{"rendered":"Finansi\u00eble Resultate"},"content":{"rendered":"\t\t<div data-elementor-type=\"wp-page\" data-elementor-id=\"2793\" class=\"elementor elementor-2793\">\n\t\t\t\t\t\t\t\t\t<section class=\" elementor-section elementor-top-section elementor-element elementor-element-ef402da elementor-section-boxed elementor-section-height-default elementor-section-height-default\" data-id=\"ef402da\" data-element_type=\"section\">\r\n\t\t\t\t\t\t\t\t<div class=\"elementor-container elementor-column-gap-default\">\r\n\t\t\t\t\r\n\t\t\t\t\t\t\t<div class=\" elementor-column elementor-col-100 elementor-top-column elementor-element elementor-element-abefabb \" data-id=\"abefabb\" data-element_type=\"column\">\r\n\r\n\t\t\t\r\n\t\t\t<div class=\"elementor-widget-wrap elementor-element-populated\">\r\n\t\t\t\t\t\t\t\t\r\n\t\t\t\t\t<div class=\"duplex-widget elementor-element elementor-element-e1e6d54 mt-10 mb-6 elementor-invisible elementor-widget elementor-widget-heading\" data-id=\"e1e6d54\" data-element_type=\"widget\" data-settings=\"{&quot;_animation&quot;:&quot;fadeInUpShorter&quot;}\" data-widget_type=\"heading.default\">\n\t\t<div class=\"duplex-wrap duplex-wrap-e1e6d54 t-mc\">\r\n\t\t\t\t\t\t\t\t\t\t\t<span class=\"duplex duplex-text\">FINANSI\u00cbLE RESULTATE<\/span>\r\n\t\t\t\t\t\t\t\t\t\t<\/div>\t\t<div class=\"elementor-widget-container\">\n\t\t\t<style>\/*! elementor - v3.9.0 - 06-12-2022 *\/\n.elementor-heading-title{padding:0;margin:0;line-height:1}.elementor-widget-heading .elementor-heading-title[class*=elementor-size-]>a{color:inherit;font-size:inherit;line-height:inherit}.elementor-widget-heading .elementor-heading-title.elementor-size-small{font-size:15px}.elementor-widget-heading .elementor-heading-title.elementor-size-medium{font-size:19px}.elementor-widget-heading .elementor-heading-title.elementor-size-large{font-size:29px}.elementor-widget-heading .elementor-heading-title.elementor-size-xl{font-size:39px}.elementor-widget-heading .elementor-heading-title.elementor-size-xxl{font-size:59px}<\/style><h3 class=\"elementor-heading-title elementor-size-default\">Finansi\u00eble Oorsig<\/h3>\t\t<\/div>\n\t\t\t\t<\/div>\n\t\t\t\t\t<\/div>\r\n\t\t\t<\/div>\r\n\t\t\t\t\t\t\t<\/div>\r\n\t\t\t<\/section>\r\n\t\t\t\t\t<section class=\" elementor-section elementor-top-section elementor-element elementor-element-ae2761d elementor-section-boxed elementor-section-height-default elementor-section-height-default\" data-id=\"ae2761d\" data-element_type=\"section\">\r\n\t\t\t\t\t\t\t\t<div class=\"elementor-container elementor-column-gap-default\">\r\n\t\t\t\t\r\n\t\t\t\t\t\t\t<div class=\" elementor-column elementor-col-33 elementor-top-column elementor-element elementor-element-582c442 \" data-id=\"582c442\" data-element_type=\"column\">\r\n\r\n\t\t\t\r\n\t\t\t<div class=\"elementor-widget-wrap elementor-element-populated\">\r\n\t\t\t\t\t\t\t\t\r\n\t\t\t\t\t<section class=\" elementor-section elementor-inner-section elementor-element elementor-element-fc0b414 elementor-section-boxed elementor-section-height-default elementor-section-height-default\" data-id=\"fc0b414\" data-element_type=\"section\">\r\n\t\t\t\t\t\t\t\t<div class=\"elementor-container elementor-column-gap-default\">\r\n\t\t\t\t\r\n\t\t\t\t\t\t\t<div class=\" elementor-column elementor-col-50 elementor-inner-column elementor-element elementor-element-f8d9e93 \" data-id=\"f8d9e93\" data-element_type=\"column\">\r\n\r\n\t\t\t\r\n\t\t\t<div class=\"elementor-widget-wrap elementor-element-populated\">\r\n\t\t\t\t\t\t\t\t\r\n\t\t\t\t\t<div class=\"elementor-element elementor-element-e6fd59d elementor-invisible elementor-widget elementor-widget-heading\" data-id=\"e6fd59d\" data-element_type=\"widget\" data-settings=\"{&quot;_animation&quot;:&quot;fadeInLeftShorter&quot;}\" data-widget_type=\"heading.default\">\n\t\t\t\t<div class=\"elementor-widget-container\">\n\t\t\t<p class=\"elementor-heading-title elementor-size-default\">Die verdienste van R37,8 miljoen, vir die ses maande ge\u00ebindig 31 Augustus 2022, verbeter met 30,3% vergeleke met die ooreenstemmende periode van die vorige jaar. Indien die wins uit die be\u00ebindigde bedrywe van R2.0 miljoen buite rekening gelaat word is die verdienste van R35,8 miljoen, 13,7% beter. Die wesensverdienste per aandeel vir die ses maande van 194.2 sent per aandeel is 15,0% beter vergeleke met die sent per aandeel van die ooreenstemmende periode van die vorige jaar.<\/p>\t\t<\/div>\n\t\t\t\t<\/div>\n\t\t\t\t\t<\/div>\r\n\t\t\t<\/div>\r\n\t\t\t\t\t\t\t<div class=\" elementor-column elementor-col-50 elementor-inner-column elementor-element elementor-element-ce81abb \" data-id=\"ce81abb\" data-element_type=\"column\">\r\n\r\n\t\t\t\r\n\t\t\t<div class=\"elementor-widget-wrap elementor-element-populated\">\r\n\t\t\t\t\t\t\t\t\r\n\t\t\t\t\t<div class=\"elementor-element elementor-element-47b8bb8 elementor-invisible elementor-widget elementor-widget-heading\" data-id=\"47b8bb8\" data-element_type=\"widget\" data-settings=\"{&quot;_animation&quot;:&quot;fadeInLeftShorter&quot;}\" data-widget_type=\"heading.default\">\n\t\t\t\t<div class=\"elementor-widget-container\">\n\t\t\t<p class=\"elementor-heading-title elementor-size-default\">Die beter Groepsresultate word hoofsaaklik toegeskryf aan die styging in winsbydraes van die Handelsafdeling, Abattoirs en SA Dorper (Huide en velle). Die Brandstofafdeling se resultate is laer as die vorige jaar terwyl Carpe Diem Raisins se resultate ook laer is weens laer tonnemaat verkope alhoewel beter verkooppryse realiseer is as die vorige jaar. Die laer verkoopsvolumes van Carpe Diem Raisins word toegeskryf aan die logistieke oponthoud en vertraging van houers en beskikbare skeepsvragruimte.<\/p>\t\t<\/div>\n\t\t\t\t<\/div>\n\t\t\t\t\t<\/div>\r\n\t\t\t<\/div>\r\n\t\t\t\t\t\t\t<\/div>\r\n\t\t\t<\/section>\r\n\t\t\t\t\t<section class=\" elementor-section elementor-inner-section elementor-element elementor-element-56c4b26 elementor-section-boxed elementor-section-height-default elementor-section-height-default\" data-id=\"56c4b26\" data-element_type=\"section\">\r\n\t\t\t\t\t\t\t\t<div class=\"elementor-container elementor-column-gap-default\">\r\n\t\t\t\t\r\n\t\t\t\t\t\t\t<div class=\" elementor-column elementor-col-100 elementor-inner-column elementor-element elementor-element-173a514 \" data-id=\"173a514\" data-element_type=\"column\">\r\n\r\n\t\t\t\r\n\t\t\t<div class=\"elementor-widget-wrap elementor-element-populated\">\r\n\t\t\t\t\t\t\t\t\r\n\t\t\t\t\t<div class=\"elementor-element elementor-element-a28e67d elementor-invisible elementor-widget elementor-widget-heading\" data-id=\"a28e67d\" data-element_type=\"widget\" data-settings=\"{&quot;_animation&quot;:&quot;fadeInLeftShorter&quot;}\" data-widget_type=\"heading.default\">\n\t\t\t\t<div class=\"elementor-widget-container\">\n\t\t\t<h3 class=\"elementor-heading-title elementor-size-default\">Die Groepsinkomste het met 22,9% toegeneem tot R1 456,8 miljoen, weens die wesenlike beter slaggetalle by Upington Abattoir, beter verkooppryse vir dorpervelle en die skerp styging van onderskeidelik 37% en 49% in Petrol- en Dieselpryse.<\/h3>\t\t<\/div>\n\t\t\t\t<\/div>\n\t\t\t\t\t<\/div>\r\n\t\t\t<\/div>\r\n\t\t\t\t\t\t\t<\/div>\r\n\t\t\t<\/section>\r\n\t\t\t\t\t\t<\/div>\r\n\t\t\t<\/div>\r\n\t\t\t\t\t\t\t<div class=\" elementor-column elementor-col-33 elementor-top-column elementor-element elementor-element-b509cc0 \" data-id=\"b509cc0\" data-element_type=\"column\">\r\n\r\n\t\t\t\r\n\t\t\t<div class=\"elementor-widget-wrap\">\r\n\t\t\t\t\t\t\t\t\r\n\t\t\t\t\t\t<\/div>\r\n\t\t\t<\/div>\r\n\t\t\t\t\t\t\t<div class=\" elementor-column elementor-col-33 elementor-top-column elementor-element elementor-element-8c3b9dd \" data-id=\"8c3b9dd\" data-element_type=\"column\">\r\n\r\n\t\t\t\r\n\t\t\t<div class=\"elementor-widget-wrap elementor-element-populated\">\r\n\t\t\t\t\t\t\t\t\r\n\t\t\t\t\t<section class=\" elementor-section elementor-inner-section elementor-element elementor-element-8e73156 elementor-section-boxed elementor-section-height-default elementor-section-height-default\" data-id=\"8e73156\" data-element_type=\"section\">\r\n\t\t\t\t\t\t\t\t<div class=\"elementor-container elementor-column-gap-default\">\r\n\t\t\t\t\r\n\t\t\t\t\t\t\t<div class=\" elementor-column elementor-col-100 elementor-inner-column elementor-element elementor-element-ef985f7 \" data-id=\"ef985f7\" data-element_type=\"column\">\r\n\r\n\t\t\t\r\n\t\t\t<div class=\"elementor-widget-wrap elementor-element-populated\">\r\n\t\t\t\t\t\t\t\t\r\n\t\t\t\t\t<div class=\"elementor-element elementor-element-f7428de mb-2 elementor-invisible elementor-widget elementor-widget-heading\" data-id=\"f7428de\" data-element_type=\"widget\" data-settings=\"{&quot;_animation&quot;:&quot;fadeInLeftShorter&quot;,&quot;_animation_delay&quot;:400}\" data-widget_type=\"heading.default\">\n\t\t\t\t<div class=\"elementor-widget-container\">\n\t\t\t<h3 class=\"elementor-heading-title elementor-size-default\">Winsaankondiging<\/h3>\t\t<\/div>\n\t\t\t\t<\/div>\n\t\t\t\t<div class=\"elementor-element elementor-element-b34ad24 elementor-invisible elementor-widget elementor-widget-heading\" data-id=\"b34ad24\" data-element_type=\"widget\" data-settings=\"{&quot;_animation&quot;:&quot;fadeInLeftShorter&quot;}\" data-widget_type=\"heading.default\">\n\t\t\t\t<div class=\"elementor-widget-container\">\n\t\t\t<p class=\"elementor-heading-title elementor-size-default\">Ses maande ge\u00ebindig 31 Augustus 2022<\/p>\t\t<\/div>\n\t\t\t\t<\/div>\n\t\t\t\t<div class=\"elementor-element elementor-element-af0f7e6 elementor-invisible elementor-widget elementor-widget-button\" data-id=\"af0f7e6\" data-element_type=\"widget\" data-settings=\"{&quot;_animation&quot;:&quot;fadeInUpShorter&quot;,&quot;_animation_delay&quot;:600}\" data-widget_type=\"button.default\">\n\t\t\t\t<div class=\"elementor-widget-container\">\n\t\t\t\t\t<div class=\"elementor-button-wrapper\">\n\t\t\t<a href=\"https:\/\/preview.infoworks.biz\/klk\/wp-content\/uploads\/2023\/01\/Winsaankondiging-31-Augustus-2022.pdf\" target=\"_blank\" class=\"elementor-button-link elementor-button elementor-size-sm\" role=\"button\">\n\t\t\t\t\t\t<span class=\"elementor-button-content-wrapper\">\n\t\t\t\t\t\t<span class=\"elementor-button-text\">LEES MEER<\/span>\n\t\t<\/span>\n\t\t\t\t\t<\/a>\n\t\t<\/div>\n\t\t\t\t<\/div>\n\t\t\t\t<\/div>\n\t\t\t\t<div class=\"elementor-element elementor-element-8295665 mb-2 elementor-invisible elementor-widget elementor-widget-heading\" data-id=\"8295665\" data-element_type=\"widget\" data-settings=\"{&quot;_animation&quot;:&quot;fadeInLeftShorter&quot;,&quot;_animation_delay&quot;:400}\" data-widget_type=\"heading.default\">\n\t\t\t\t<div class=\"elementor-widget-container\">\n\t\t\t<h3 class=\"elementor-heading-title elementor-size-default\">KLK Jaarverslag 2022 en Algemene Jaarvergadering besluite<\/h3>\t\t<\/div>\n\t\t\t\t<\/div>\n\t\t\t\t<div class=\"elementor-element elementor-element-840ad99 elementor-invisible elementor-widget elementor-widget-button\" data-id=\"840ad99\" data-element_type=\"widget\" data-settings=\"{&quot;_animation&quot;:&quot;fadeInUpShorter&quot;,&quot;_animation_delay&quot;:600}\" data-widget_type=\"button.default\">\n\t\t\t\t<div class=\"elementor-widget-container\">\n\t\t\t\t\t<div class=\"elementor-button-wrapper\">\n\t\t\t<a href=\"https:\/\/preview.infoworks.biz\/klk\/wp-content\/uploads\/2023\/01\/Jaarverslag-2022.pdf\" target=\"_blank\" class=\"elementor-button-link elementor-button elementor-size-sm\" role=\"button\">\n\t\t\t\t\t\t<span class=\"elementor-button-content-wrapper\">\n\t\t\t\t\t\t<span class=\"elementor-button-text\">LEES MEER<\/span>\n\t\t<\/span>\n\t\t\t\t\t<\/a>\n\t\t<\/div>\n\t\t\t\t<\/div>\n\t\t\t\t<\/div>\n\t\t\t\t<div class=\"elementor-element elementor-element-0534eab mb-2 elementor-invisible elementor-widget elementor-widget-heading\" data-id=\"0534eab\" data-element_type=\"widget\" data-settings=\"{&quot;_animation&quot;:&quot;fadeInLeftShorter&quot;,&quot;_animation_delay&quot;:400}\" data-widget_type=\"heading.default\">\n\t\t\t\t<div class=\"elementor-widget-container\">\n\t\t\t<h3 class=\"elementor-heading-title elementor-size-default\">Gekonsolideerde Finansi\u00eble State<\/h3>\t\t<\/div>\n\t\t\t\t<\/div>\n\t\t\t\t<div class=\"elementor-element elementor-element-8d53850 elementor-invisible elementor-widget elementor-widget-heading\" data-id=\"8d53850\" data-element_type=\"widget\" data-settings=\"{&quot;_animation&quot;:&quot;fadeInLeftShorter&quot;}\" data-widget_type=\"heading.default\">\n\t\t\t\t<div class=\"elementor-widget-container\">\n\t\t\t<p class=\"elementor-heading-title elementor-size-default\">Ses maande ge\u00ebindig 28 Februarie 2022<\/p>\t\t<\/div>\n\t\t\t\t<\/div>\n\t\t\t\t<div class=\"elementor-element elementor-element-78abfed elementor-invisible elementor-widget elementor-widget-button\" data-id=\"78abfed\" data-element_type=\"widget\" data-settings=\"{&quot;_animation&quot;:&quot;fadeInUpShorter&quot;,&quot;_animation_delay&quot;:600}\" data-widget_type=\"button.default\">\n\t\t\t\t<div class=\"elementor-widget-container\">\n\t\t\t\t\t<div class=\"elementor-button-wrapper\">\n\t\t\t<a href=\"https:\/\/preview.infoworks.biz\/klk\/wp-content\/uploads\/2023\/01\/KLK-Landbou-Group-2022-approved.pdf\" target=\"_blank\" class=\"elementor-button-link elementor-button elementor-size-sm\" role=\"button\">\n\t\t\t\t\t\t<span class=\"elementor-button-content-wrapper\">\n\t\t\t\t\t\t<span class=\"elementor-button-text\">LEES MEER<\/span>\n\t\t<\/span>\n\t\t\t\t\t<\/a>\n\t\t<\/div>\n\t\t\t\t<\/div>\n\t\t\t\t<\/div>\n\t\t\t\t\t<\/div>\r\n\t\t\t<\/div>\r\n\t\t\t\t\t\t\t<\/div>\r\n\t\t\t<\/section>\r\n\t\t\t\t\t\t<\/div>\r\n\t\t\t<\/div>\r\n\t\t\t\t\t\t\t<\/div>\r\n\t\t\t<\/section>\r\n\t\t\t\t\t\t\t\t<\/div>\n\t\t","protected":false},"excerpt":{"rendered":"<p>FINANSI\u00cbLE RESULTATE Finansi\u00eble Oorsig Die verdienste van R37,8 miljoen, vir die ses maande ge\u00ebindig 31 Augustus 2022, verbeter met 30,3% vergeleke met die ooreenstemmende periode van die vorige jaar. Indien die wins uit die be\u00ebindigde bedrywe van R2.0 miljoen buite rekening gelaat word is die verdienste van R35,8 miljoen, 13,7% beter. Die wesensverdienste per aandeel [&hellip;]<\/p>\n","protected":false},"author":1,"featured_media":0,"parent":0,"menu_order":0,"comment_status":"closed","ping_status":"closed","template":"","meta":{"footnotes":""},"class_list":["post-2793","page","type-page","status-publish","hentry"],"acf":[],"_links":{"self":[{"href":"https:\/\/preview.infoworks.biz\/klk\/wp-json\/wp\/v2\/pages\/2793","targetHints":{"allow":["GET"]}}],"collection":[{"href":"https:\/\/preview.infoworks.biz\/klk\/wp-json\/wp\/v2\/pages"}],"about":[{"href":"https:\/\/preview.infoworks.biz\/klk\/wp-json\/wp\/v2\/types\/page"}],"author":[{"embeddable":true,"href":"https:\/\/preview.infoworks.biz\/klk\/wp-json\/wp\/v2\/users\/1"}],"replies":[{"embeddable":true,"href":"https:\/\/preview.infoworks.biz\/klk\/wp-json\/wp\/v2\/comments?post=2793"}],"version-history":[{"count":10,"href":"https:\/\/preview.infoworks.biz\/klk\/wp-json\/wp\/v2\/pages\/2793\/revisions"}],"predecessor-version":[{"id":3416,"href":"https:\/\/preview.infoworks.biz\/klk\/wp-json\/wp\/v2\/pages\/2793\/revisions\/3416"}],"wp:attachment":[{"href":"https:\/\/preview.infoworks.biz\/klk\/wp-json\/wp\/v2\/media?parent=2793"}],"curies":[{"name":"wp","href":"https:\/\/api.w.org\/{rel}","templated":true}]}}